- 91. Let z(d) = 2*d**2 + 4*d + 3. Give z(p).
9
Let n(p) = -p**3 - p + 15. Let j be n(0). Suppose 0 = v + 4*v + j. Let m(w) = w + 2. What is m(v)?
-1
Let l(j) = -j. Let t be l(-7). Suppose -5*r = -t - 3, 4*i + 2 = 3*r. Let f(a) = -a**2 - 1. Give f(i).
-2
Let g(x) = x - 3. Suppose -u - 4*r = u + 136, -215 = 3*u - 5*r. Let p be 38/(-10) - (-14)/u. Give g(p).
-7
Let l(o) = o**3 + 3*o**2 - 2*o - 1. Let m(k) be the first derivative of k**2/2 - 11*k + 1. Let c be m(8). Calculate l(c).
5
Let h(c) = -c - 2. Suppose 2*n = 4*n - 6. What is h(n)?
-5
Let z(h) = -3*h - 3 + 2*h**3 - 2*h**2 + h**3 - 2*h**2. Let g(c) = 16*c**3 - 20*c**2 - 15*c - 14. Let v(j) = -2*g(j) + 11*z(j). Give v(5).
5
Let l(a) be the second derivative of 0*a**3 + 0 - a - 3/20*a**5 + 1/2*a**2 - 1/12*a**4. Calculate l(-1).
3
Suppose 27*q = 28*q. Let y(o) = o**2 + o - 5. What is y(q)?
-5
Let k(d) be the second derivative of -d**5/20 - d**4/3 + d**3/6 - 3*d**2/2 + 10*d. What is k(-4)?
-7
Suppose 0 = -3*f - 4*s + 6, 0*f + 4*s = -4*f + 12. Let z be (f/(-10))/((-1)/5). Let y(n) = 4 + 0*n**2 + 9*n**3 - 10*n**3 + 2*n**2 + 2*n. What is y(z)?
1
Let w = -12 + 10. Let j(d) = -d - 3. Calculate j(w).
-1
Let l(x) = -x - 7. Let m(r) = 2*r + 15. Let k(h) = 13*l(h) + 6*m(h). What is k(5)?
-6
Let w(c) be the first derivative of 1/3*c**3 + 1/4*c**4 - c + 1/2*c**2 - 4. Give w(0).
-1
Let p be (-8)/3*(-12)/8. Let f(c) = -c**3 - c**2 - c. Let z(s) = 4*s**2 + 4*s + 1. Let q(r) = p*f(r) + z(r). Determine q(-1).
5
Let s(a) = a - 5. Suppose -3*p - 16 = -7*p. Suppose -5*l - p*h = -92 - 8, 0 = 4*l - 3*h - 80. Suppose 0*f + 4*f - l = 0. Calculate s(f).
0
Let x be 96/(-12) + -2 + 4. Let r(i) = -i**2 - 8*i - 8. What is r(x)?
4
Let b = -2 - -5. Suppose -2*u = -6, -5*u + 3*u = -b*c. Let y(p) = 2*p - p**c - p - 2 + 2*p**2. Determine y(-2).
0
Let n = -33 + 31. Let u(z) = 7*z**2 - 7*z**2 - z**3 + 3*z + 2. Give u(n).
4
Let o(n) = -n**2 - 2*n + 40. Let v be o(-7). Let f(p) = -p**2 + 2*p - 6. Calculate f(v).
-21
Let t(f) = -1 + 6*f**2 - f**2 + f - f**3 - 3*f**2 + 0. What is t(2)?
1
Let j(f) be the second derivative of -f**5/20 + f**4/4 - f**2 - 3*f. Let z be ((-12)/(-15))/((-2)/(-5)). Give j(z).
2
Let b(t) = -2*t. Suppose 0 = -4*a + 2*f - 20, 0*f + 22 = -5*a + 4*f. Give b(a).
12
Let b(u) be the first derivative of -5/2*u**2 + 3 + 3*u. Let m = -5 - -7. What is b(m)?
-7
Suppose 7*i - 14 = 7. Let u(j) = -4*j + 3. Calculate u(i).
-9
Let v(f) = 8*f + 20. Let p(l) = -3*l - 7. Let d(i) = 17*p(i) + 6*v(i). Give d(1).
-2
Let a(j) be the first derivative of j**3/3 - j**2 - 2*j + 2. Let x(n) be the first derivative of a(n). Determine x(5).
8
Let j(a) = 262*a - 517*a - 3*a**2 + 255*a. What is j(1)?
-3
Let a = 35 - 23. Suppose 3*q - a = p, 4*p - 2*q = -3*q + 4. Let x = 4 - p. Let v(d) = 2*d - 5. Calculate v(x).
3
Let s(c) be the second derivative of -1/720*c**6 + 0 + 0*c**2 + 3*c - 1/60*c**5 - 1/6*c**4 + 0*c**3. Let y(v) be the third derivative of s(v). What is y(6)?
-8
Let m(g) = -3*g - 1. Let x be m(-1). Suppose -x*u = -4*n + 4 + 6, 0 = 5*n - 2*u - 12. Let i(c) = n*c - 5*c + 0*c. Give i(1).
-3
Let a(u) be the third derivative of 0*u + 1/12*u**4 - 4*u**2 + 0*u**3 + 0. Give a(-6).
-12
Let r(c) = -c**3 - 14*c**2 - c - 9. Let u be r(-14). Let z(h) = -7*h + 18. Let i(b) = 4*b - 9. Let j(l) = -5*i(l) - 3*z(l). Determine j(u).
-4
Suppose -5*b = 3*t + 5, 0 = -4*t - t - 3*b - 3. Let c(a) = -a**2 + t*a**3 + 2*a - a - a**3. Suppose f + 0 - 1 = 0. What is c(f)?
-1
Let y(r) be the first derivative of 3*r**2/2 + 7*r + 28. Determine y(-7).
-14
Let x(p) = -5*p - 1 + 6*p + p**2 - 1. What is x(0)?
-2
Let k(f) = -3*f + 4. Suppose 0 = -r + 4*m + 11, r = -3*m - 2*m - 7. Determine k(r).
-5
Let x(a) be the third derivative of -a**5/60 + a**4/3 - a**3 + 2*a**2. Let c be x(8). Let y(n) = -2*n - 7. Determine y(c).
5
Let p(v) be the first derivative of v**3/3 + 178. Suppose 0*d - 4 = 4*d. Determine p(d).
1
Let z(o) = -2 + 313*o + 2*o**2 - 314*o - o**3 + 0*o**2. Give z(2).
-4
Suppose 0*d = -l - d + 6, 0 = -l + 5*d. Suppose l*x - 20 = 5. Let s(v) = -v**3 + 4*v**2 + 5*v + 3. Calculate s(x).
3
Let o = 2 - -2. Let w = -5 + o. Let l(n) = -2*n**2 - n + 0*n**2 + 3*n**3 + n**2. Calculate l(w).
-3
Let t be 2/4 + 25/10. Suppose -t*y + 5 = -5*b, y - 3*b - 22 = 3*y. Let x(d) = d**3 + 4*d**2 - 4*d + 7. Give x(y).
2
Let q(z) = -3*z - 1. Suppose -r - 6 = -5*g + 3, -r + g - 1 = 0. Determine q(r).
-4
Let y(r) = 4 - 5 - 2*r - 6 - 1. What is y(-7)?
6
Let q(u) = u - 3. Let z(x) = x**3 - 5*x**2 - 6*x + 5. Let c be z(6). Suppose 0*g = 4*g - 8. Suppose -y + 10 = -5*r, -g*y + c*r + 2 = -8. Determine q(y).
-3
Let p(m) = -4*m + 28. Let h be p(9). Let f(y) = y**3 + 7*y**2 - 8*y - 4. What is f(h)?
-4
Let p(j) = -7*j**2 - j + 1. Let w(d) = -d**2 - 4*d + 6. Let n be w(-5). What is p(n)?
-7
Let h(g) = g**2 - 7*g - 1. Let r(t) = -t**2 - 25*t - 20. Let n be r(-24). Give h(n).
-13
Let b = -284 + 278. Let k(m) = m + 16. Let d(a) = -a**2 - 5*a - 6. Let y be d(-5). Let g(l) = 3*l + 47. Let z(t) = y*g(t) + 17*k(t). Determine z(b).
-4
Let g(y) = 3*y**3 - 1. Suppose -2*s + 8 = -0*s. Let h be s + 0 + (-2)/1. Let d = 1 - h. Calculate g(d).
-4
Let o(w) = 1 + 5*w**2 + 21*w + 0 - w**3 - 22*w + 0. Suppose -p - 3*n + 5 = -3, 5*n = 5. Give o(p).
-4
Let j(a) = 0 - 7*a + 7*a + 2*a**2 - 1 + 5*a. What is j(-4)?
11
Let n(q) = 4*q**2 - 1. Let m = 6 + -3. Suppose m = -b + 2. Let l be (b/2)/(1/(-2)). Determine n(l).
3
Suppose 5*a - s = 15, a = 4*a + s - 9. Suppose 4*w = 5*t + a*w - 37, -3*t + 27 = w. Let c(b) = b**2 - 8*b + 1. Determine c(t).
1
Let m(v) = -v + 4. Suppose 0*h - 4*f = -h + 25, -2*h + 4*f = -30. Determine m(h).
-1
Let u(n) = -8*n**2 + 8*n + 5. Let t(i) = -2*i**2 + 2*i + 1. Let y = -9 + 18. Let m(a) = y*t(a) - 2*u(a). Determine m(3).
-13
Suppose -5*s + 0*s - y + 11 = 0, 0 = -3*s + 5*y + 29. Let q(z) = -2*z - 2*z + 34 - 27 + s*z. Give q(3).
4
Let q(m) = -m**2. Let o(s) = 3*s**2 + 5*s - 6. Let p(w) = o(w) + 2*q(w). Calculate p(-5).
-6
Let d(t) = -t**3 + 2*t**2 - 2*t - 1. Let z(h) = -2*h**3 - 7*h**2 - 6*h - 7. Let p be z(-3). Calculate d(p).
-5
Let z(y) be the second derivative of 0 + 2*y**2 + 1/6*y**3 + 2*y. Suppose 5*s = 2*r + 15, -5*r + 3 = -2*s + 3*s. What is z(r)?
4
Let u be 4/6*132/8. Let n = 7 - u. Let x(b) = 3*b + 26. Let d(m) = -m - 9. Let c(j) = 17*d(j) + 6*x(j). Give c(n).
-1
Let z(c) = -c**3 - 9*c**2 - 7*c + 9. Let a be z(-8). Let p(f) = -f + 1. Let s(r) = r - 8. Let t(u) = a*s(u) + 2*p(u). What is t(-6)?
0
Let v(f) = -f**3 + f**2 - 1. Let q(t) = -4*t**3 + 5*t**2 - 6. Let d(m) = -q(m) + 5*v(m). Let n(a) = 3*a - 25. Let g be n(8). Calculate d(g).
2
Let w be 1 + 4/4 + -1. Let p be 6 + (w - (-6)/(-3)). Let y(t) = t**2 - 3*t + 2. Determine y(p).
12
Let v(z) be the first derivative of -z**2/2 + 6*z - 45. Give v(-5).
11
Let j(g) = -7*g**2 + 5*g - 6*g + g**3 - 8*g**2 + 10*g**2. Give j(5).
-5
Let m(o) = -2*o + 35. Let t be 3/15 - 116/(-20). Let d(b) = b - 17. Let l(v) = t*m(v) + 13*d(v). Determine l(0).
-11
Let p(v) = -5*v**3 + 3*v**2 + 3*v - 7. Let x(n) = 6*n**3 - 4*n**2 - 3*n + 8. Let m(f) = 5*p(f) + 4*x(f). Suppose -28 = -13*j - 2. Determine m(j).
-9
Let d(q) = -5*q**3 - 4*q**2 + 2*q + 3. Let r(k) be the first derivative of -3*k**4/2 - 4*k**3/3 + k**2/2 + 3*k + 2. Let p(j) = -5*d(j) + 4*r(j). What is p(-5)?
2
Let b(k) = 5*k**2 - 15*k - 37. Let g(i) be the first derivative of -9*i - 2*i**2 + 1/3*i**3 + 1. Let a(q) = 2*b(q) - 9*g(q). Determine a(-5).
2
Suppose u + 3*u = 0. Let j(x) = x**2 - x + 3. Calculate j(u).
3
Let t(z) = 14*z**3 - 29*z**2 + z - 5. Let a(b) = 5*b**3 - 10*b**2 - 2. Let i(d) = 11*a(d) - 4*t(d). Give i(6).
-26
Let o(t) be the first derivative of 1/2*t**2 + 3 + 5*t. Give o(-5).
0
Let z(q) = q - 1. Let w(n) = 7*n**2. Let j be w(1). Let i be j/14 - 3/2. Calculate z(i).
-2
Let m(j) = -j. Let w(v) = -v**2 + 5*v - 3. Let d(b) = 3*m(b) + w(b). Let a = -74 + 77. Determine d(a).
-6
Let z(c) = c**2 - 7*c + 6. Let i = 2 - -4. What is z(i)?
0
Let q(r) = r - 13. Let t(f) be the first derivative of f**2/2 + 11*f - 2. Let j be t(-9). Suppose -m - 16 = -j*l - 3*m, 3*l - 2*m - 14 = 0. What is q(l)?
-7
Let f(p) = 5*p. Let k = -1 + 7. Let j(n) = -70*n. Let h = 2 + 83. Let m(w) = h*f(w) + k*j(w). Calculate m(2).
10
Suppose -28*r - 20 = -24*r. Let c = 10 + -7. Let k(l) = c*l - l - l. Give k(r).
-5
Let z